{"id":14954,"date":"2021-07-02T12:17:32","date_gmt":"2021-07-02T10:17:32","guid":{"rendered":"https:\/\/arquiconsult.com\/arquiconsult-clientes-e-parceiros\/testemunhos-de-lideranca-em-periodo-de-covid-19-etaf\/attachment\/14953\/"},"modified":"2024-04-08T14:50:19","modified_gmt":"2024-04-08T13:50:19","slug":"14953-2","status":"inherit","type":"attachment","link":"https:\/\/arquiconsult.com\/en\/testemunhos-de-lideranca-em-periodo-de-covid-19-etaf\/14953-2\/","title":{"rendered":""},"author":4,"comment_status":"open","ping_status":"closed","template":"","meta":[],"acf":[],"description":{"rendered":"<p><a title=\"\"  href='https:\/\/arquiconsult.com\/wp-content\/uploads\/2021\/07\/Testemunhos-de-Lideran\u00e7a-em-per\u00edodo-de-Covid-19.-ETAF.jpg'><img width=\"1165\" height=\"777\" src=\"https:\/\/arquiconsult.com\/wp-content\/uploads\/2021\/07\/Testemunhos-de-Lideran\u00e7a-em-per\u00edodo-de-Covid-19.-ETAF.jpg\" class=\"attachment-large size-large\" alt=\"Testemunhos-de-Lideran\u00e7a-em-per\u00edodo-de-Covid-19.-ETAF.jpg\" loading=\"lazy\" srcset=\"https:\/\/arquiconsult.com\/wp-content\/uploads\/2021\/07\/Testemunhos-de-Lideran\u00e7a-em-per\u00edodo-de-Covid-19.-ETAF.jpg 1200w, https:\/\/arquiconsult.com\/wp-content\/uploads\/2021\/07\/Testemunhos-de-Lideran\u00e7a-em-per\u00edodo-de-Covid-19.-ETAF-640x427.jpg 640w, https:\/\/arquiconsult.com\/wp-content\/uploads\/2021\/07\/Testemunhos-de-Lideran\u00e7a-em-per\u00edodo-de-Covid-19.-ETAF-768x512.jpg 768w\" sizes=\"(max-width: 1165px) 100vw, 1165px\" title=\"-\"><\/a><\/p>\n<!--themify_builder_content-->\n<div id=\"themify_builder_content-14954\" data-postid=\"14954\" class=\"themify_builder_content themify_builder_content-14954 themify_builder tf_clear\">\n    <\/div>\n<!--\/themify_builder_content-->\n"},"caption":{"rendered":""},"alt_text":"Testemunhos-de-Lideran\u00e7a-em-per\u00edodo-de-Covid-19.-ETAF.jpg","media_type":"image","mime_type":"image\/jpeg","media_details":{"width":1200,"height":800,"file":"2021\/07\/Testemunhos-de-Lideran\u00e7a-em-per\u00edodo-de-Covid-19.-ETAF.jpg","sizes":{"medium":{"file":"Testemunhos-de-Lideran\u00e7a-em-per\u00edodo-de-Covid-19.-ETAF-640x427.jpg","width":640,"height":427,"mime_type":"image\/jpeg","source_url":"https:\/\/arquiconsult.com\/wp-content\/uploads\/2021\/07\/Testemunhos-de-Lideran\u00e7a-em-per\u00edodo-de-Covid-19.-ETAF-640x427.jpg"},"thumbnail":{"file":"Testemunhos-de-Lideran\u00e7a-em-per\u00edodo-de-Covid-19.-ETAF-640x480.jpg","width":640,"height":480,"mime_type":"image\/jpeg","source_url":"https:\/\/arquiconsult.com\/wp-content\/uploads\/2021\/07\/Testemunhos-de-Lideran\u00e7a-em-per\u00edodo-de-Covid-19.-ETAF-640x480.jpg"},"medium_large":{"file":"Testemunhos-de-Lideran\u00e7a-em-per\u00edodo-de-Covid-19.-ETAF-768x512.jpg","width":768,"height":512,"mime_type":"image\/jpeg","source_url":"https:\/\/arquiconsult.com\/wp-content\/uploads\/2021\/07\/Testemunhos-de-Lideran\u00e7a-em-per\u00edodo-de-Covid-19.-ETAF-768x512.jpg"},"full":{"file":"Testemunhos-de-Lideran\u00e7a-em-per\u00edodo-de-Covid-19.-ETAF.jpg","width":1200,"height":800,"mime_type":"image\/jpeg","source_url":"https:\/\/arquiconsult.com\/wp-content\/uploads\/2021\/07\/Testemunhos-de-Lideran\u00e7a-em-per\u00edodo-de-Covid-19.-ETAF.jpg"}},"image_meta":{"aperture":"0","credit":"","camera":"","caption":"","created_timestamp":"0","copyright":"","focal_length":"0","iso":"0","shutter_speed":"0","title":"","orientation":"0","keywords":[]}},"post":20243,"source_url":"https:\/\/arquiconsult.com\/wp-content\/uploads\/2021\/07\/Testemunhos-de-Lideran\u00e7a-em-per\u00edodo-de-Covid-19.-ETAF.jpg","_links":{"self":[{"href":"https:\/\/arquiconsult.com\/en\/wp-json\/wp\/v2\/media\/14954"}],"collection":[{"href":"https:\/\/arquiconsult.com\/en\/wp-json\/wp\/v2\/media"}],"about":[{"href":"https:\/\/arquiconsult.com\/en\/wp-json\/wp\/v2\/types\/attachment"}],"author":[{"embeddable":true,"href":"https:\/\/arquiconsult.com\/en\/wp-json\/wp\/v2\/users\/4"}],"replies":[{"embeddable":true,"href":"https:\/\/arquiconsult.com\/en\/wp-json\/wp\/v2\/comments?post=14954"}]}}

<p><a title=""  href='https://arquiconsult.com/wp-content/uploads/2021/07/Testemunhos-de-Liderança-em-período-de-Covid-19.-ETAF.jpg'><img width="1165" height="777" src="https://arquiconsult.com/wp-content/uploads/2021/07/Testemunhos-de-Liderança-em-período-de-Covid-19.-ETAF.jpg" class="attachment-large size-large" alt="Testemunhos-de-Liderança-em-período-de-Covid-19.-ETAF.jpg" loading="lazy" srcset="https://arquiconsult.com/wp-content/uploads/2021/07/Testemunhos-de-Liderança-em-período-de-Covid-19.-ETAF.jpg 1200w, https://arquiconsult.com/wp-content/uploads/2021/07/Testemunhos-de-Liderança-em-período-de-Covid-19.-ETAF-640x427.jpg 640w, https://arquiconsult.com/wp-content/uploads/2021/07/Testemunhos-de-Liderança-em-período-de-Covid-19.-ETAF-768x512.jpg 768w" sizes="(max-width: 1165px) 100vw, 1165px" title="-"></a></p>
<!--themify_builder_content-->
<div id="themify_builder_content-14954" data-postid="14954" class="themify_builder_content themify_builder_content-14954 themify_builder tf_clear">
    </div>
<!--/themify_builder_content-->

Testemunhos-de-Liderança-em-período-de-Covid-19.-ETAF.jpg

2021/07/Testemunhos-de-Liderança-em-período-de-Covid-19.-ETAF.jpg

Testemunhos-de-Liderança-em-período-de-Covid-19.-ETAF-640x427.jpg

https://arquiconsult.com/wp-content/uploads/2021/07/Testemunhos-de-Liderança-em-período-de-Covid-19.-ETAF-640x427.jpg

Testemunhos-de-Liderança-em-período-de-Covid-19.-ETAF-640x480.jpg

https://arquiconsult.com/wp-content/uploads/2021/07/Testemunhos-de-Liderança-em-período-de-Covid-19.-ETAF-640x480.jpg

Testemunhos-de-Liderança-em-período-de-Covid-19.-ETAF-768x512.jpg

https://arquiconsult.com/wp-content/uploads/2021/07/Testemunhos-de-Liderança-em-período-de-Covid-19.-ETAF-768x512.jpg

https://arquiconsult.com/wp-content/uploads/2021/07/Testemunhos-de-Liderança-em-período-de-Covid-19.-ETAF.jpg
