{"id":29836,"date":"2021-11-08T17:07:19","date_gmt":"2021-11-08T16:07:19","guid":{"rendered":"https:\/\/arquiconsult.com\/wp-content\/uploads\/2018\/09\/ESTA-PREPARADO-PARA-A-FATURACAO-ELETRONICA-EM-2019-Faturacao-Electronica-Dynamics-365-BC.jpg"},"modified":"2024-03-13T14:07:20","modified_gmt":"2024-03-13T14:07:20","slug":"esta-preparado-para-a-faturacao-eletronica-em-2019-faturacao-electronica-dynamics-365-bc-2","status":"inherit","type":"attachment","link":"https:\/\/arquiconsult.com\/es\/bridge-to-the-cloud-bc\/esta-preparado-para-a-faturacao-eletronica-em-2019-faturacao-electronica-dynamics-365-bc-2\/","title":{"rendered":"EST\u00c1 PREPARADO PARA A FATURA\u00c7\u00c3O ELETR\u00d3NICA EM 2019-Fatura\u00e7\u00e3o Electr\u00f3nica, Dynamics 365 BC"},"author":4,"comment_status":"open","ping_status":"closed","template":"","meta":[],"acf":[],"description":{"rendered":"<p><a title=\"EST\u00c1 PREPARADO PARA A FATURA\u00c7\u00c3O ELETR\u00d3NICA EM 2019-Fatura\u00e7\u00e3o Electr\u00f3nica, Dynamics 365 BC\"  href='https:\/\/arquiconsult.com\/wp-content\/uploads\/2018\/09\/ESTA-PREPARADO-PARA-A-FATURACAO-ELETRONICA-EM-2019-Faturacao-Electronica-Dynamics-365-BC.jpg'><img width=\"1165\" height=\"777\" src=\"https:\/\/arquiconsult.com\/wp-content\/uploads\/2018\/09\/ESTA-PREPARADO-PARA-A-FATURACAO-ELETRONICA-EM-2019-Faturacao-Electronica-Dynamics-365-BC.jpg\" class=\"attachment-large size-large\" alt=\"EST\u00c1 PREPARADO PARA A FATURA\u00c7\u00c3O ELETR\u00d3NICA EM 2019-Fatura\u00e7\u00e3o Electr\u00f3nica, Dynamics 365 BC\" loading=\"lazy\" srcset=\"https:\/\/arquiconsult.com\/wp-content\/uploads\/2018\/09\/ESTA-PREPARADO-PARA-A-FATURACAO-ELETRONICA-EM-2019-Faturacao-Electronica-Dynamics-365-BC.jpg 1200w, https:\/\/arquiconsult.com\/wp-content\/uploads\/2018\/09\/ESTA-PREPARADO-PARA-A-FATURACAO-ELETRONICA-EM-2019-Faturacao-Electronica-Dynamics-365-BC-640x427.jpg 640w, https:\/\/arquiconsult.com\/wp-content\/uploads\/2018\/09\/ESTA-PREPARADO-PARA-A-FATURACAO-ELETRONICA-EM-2019-Faturacao-Electronica-Dynamics-365-BC-768x512.jpg 768w\" sizes=\"(max-width: 1165px) 100vw, 1165px\" title=\"-\"><\/a><\/p>\n<!--themify_builder_content-->\n<div id=\"themify_builder_content-29836\" data-postid=\"29836\" class=\"themify_builder_content themify_builder_content-29836 themify_builder tf_clear\">\n    <\/div>\n<!--\/themify_builder_content-->\n"},"caption":{"rendered":""},"alt_text":"EST\u00c1 PREPARADO PARA A FATURA\u00c7\u00c3O ELETR\u00d3NICA EM 2019-Fatura\u00e7\u00e3o Electr\u00f3nica, Dynamics 365 BC","media_type":"image","mime_type":"image\/jpeg","media_details":{"width":1200,"height":800,"file":"2018\/09\/ESTA-PREPARADO-PARA-A-FATURACAO-ELETRONICA-EM-2019-Faturacao-Electronica-Dynamics-365-BC.jpg","sizes":{"medium":{"file":"ESTA-PREPARADO-PARA-A-FATURACAO-ELETRONICA-EM-2019-Faturacao-Electronica-Dynamics-365-BC-640x427.jpg","width":640,"height":427,"mime_type":"image\/jpeg","source_url":"https:\/\/arquiconsult.com\/wp-content\/uploads\/2018\/09\/ESTA-PREPARADO-PARA-A-FATURACAO-ELETRONICA-EM-2019-Faturacao-Electronica-Dynamics-365-BC-640x427.jpg"},"thumbnail":{"file":"ESTA-PREPARADO-PARA-A-FATURACAO-ELETRONICA-EM-2019-Faturacao-Electronica-Dynamics-365-BC-640x480.jpg","width":640,"height":480,"mime_type":"image\/jpeg","source_url":"https:\/\/arquiconsult.com\/wp-content\/uploads\/2018\/09\/ESTA-PREPARADO-PARA-A-FATURACAO-ELETRONICA-EM-2019-Faturacao-Electronica-Dynamics-365-BC-640x480.jpg"},"medium_large":{"file":"ESTA-PREPARADO-PARA-A-FATURACAO-ELETRONICA-EM-2019-Faturacao-Electronica-Dynamics-365-BC-768x512.jpg","width":768,"height":512,"mime_type":"image\/jpeg","source_url":"https:\/\/arquiconsult.com\/wp-content\/uploads\/2018\/09\/ESTA-PREPARADO-PARA-A-FATURACAO-ELETRONICA-EM-2019-Faturacao-Electronica-Dynamics-365-BC-768x512.jpg"},"full":{"file":"ESTA-PREPARADO-PARA-A-FATURACAO-ELETRONICA-EM-2019-Faturacao-Electronica-Dynamics-365-BC.jpg","width":1200,"height":800,"mime_type":"image\/jpeg","source_url":"https:\/\/arquiconsult.com\/wp-content\/uploads\/2018\/09\/ESTA-PREPARADO-PARA-A-FATURACAO-ELETRONICA-EM-2019-Faturacao-Electronica-Dynamics-365-BC.jpg"}},"image_meta":{"aperture":"0","credit":"","camera":"","caption":"","created_timestamp":"0","copyright":"","focal_length":"0","iso":"0","shutter_speed":"0","title":"","orientation":"0","keywords":[]}},"post":47093,"source_url":"https:\/\/arquiconsult.com\/wp-content\/uploads\/2018\/09\/ESTA-PREPARADO-PARA-A-FATURACAO-ELETRONICA-EM-2019-Faturacao-Electronica-Dynamics-365-BC.jpg","_links":{"self":[{"href":"https:\/\/arquiconsult.com\/es\/wp-json\/wp\/v2\/media\/29836"}],"collection":[{"href":"https:\/\/arquiconsult.com\/es\/wp-json\/wp\/v2\/media"}],"about":[{"href":"https:\/\/arquiconsult.com\/es\/wp-json\/wp\/v2\/types\/attachment"}],"author":[{"embeddable":true,"href":"https:\/\/arquiconsult.com\/es\/wp-json\/wp\/v2\/users\/4"}],"replies":[{"embeddable":true,"href":"https:\/\/arquiconsult.com\/es\/wp-json\/wp\/v2\/comments?post=29836"}]}}

ESTÁ PREPARADO PARA A FATURAÇÃO ELETRÓNICA EM 2019-Faturação Electrónica, Dynamics 365 BC

<p><a title="ESTÁ PREPARADO PARA A FATURAÇÃO ELETRÓNICA EM 2019-Faturação Electrónica, Dynamics 365 BC"  href='https://arquiconsult.com/wp-content/uploads/2018/09/ESTA-PREPARADO-PARA-A-FATURACAO-ELETRONICA-EM-2019-Faturacao-Electronica-Dynamics-365-BC.jpg'><img width="1165" height="777" src="https://arquiconsult.com/wp-content/uploads/2018/09/ESTA-PREPARADO-PARA-A-FATURACAO-ELETRONICA-EM-2019-Faturacao-Electronica-Dynamics-365-BC.jpg" class="attachment-large size-large" alt="ESTÁ PREPARADO PARA A FATURAÇÃO ELETRÓNICA EM 2019-Faturação Electrónica, Dynamics 365 BC" loading="lazy" srcset="https://arquiconsult.com/wp-content/uploads/2018/09/ESTA-PREPARADO-PARA-A-FATURACAO-ELETRONICA-EM-2019-Faturacao-Electronica-Dynamics-365-BC.jpg 1200w, https://arquiconsult.com/wp-content/uploads/2018/09/ESTA-PREPARADO-PARA-A-FATURACAO-ELETRONICA-EM-2019-Faturacao-Electronica-Dynamics-365-BC-640x427.jpg 640w, https://arquiconsult.com/wp-content/uploads/2018/09/ESTA-PREPARADO-PARA-A-FATURACAO-ELETRONICA-EM-2019-Faturacao-Electronica-Dynamics-365-BC-768x512.jpg 768w" sizes="(max-width: 1165px) 100vw, 1165px" title="-"></a></p>
<!--themify_builder_content-->
<div id="themify_builder_content-29836" data-postid="29836" class="themify_builder_content themify_builder_content-29836 themify_builder tf_clear">
    </div>
<!--/themify_builder_content-->
